t of 1210031?
0
What is the units digit of 13580835?
5
What is the hundred thousands digit of 14636380?
6
What is the tens digit of 610299?
9
What is the millions digit of 24489319?
4
What is the tens digit of 1964899?
9
What is the units digit of 323430?
0
What is the hundred thousands digit of 4554498?
5
What is the hundreds digit of 175127?
1
What is the hundreds digit of 4079075?
0
What is the hundred thousands digit of 1744572?
7
What is the units digit of 377635?
5
What is the hundred thousands digit of 1033627?
0
What is the hundreds digit of 5227640?
6
What is the hundreds digit of 784602?
6
What is the units digit of 49432?
2
What is the millions digit of 1685330?
1
What is the millions digit of 3681779?
3
What is the ten thousands digit of 485453?
8
What is the hundreds digit of 26796789?
7
What is the hundred thousands digit of 354147?
3
What is the units digit of 20285718?
8
What is the thousands digit of 668428?
8
What is the hundreds digit of 9075501?
5
What is the units digit of 738584?
4
What is the thousands digit of 206277?
6
What is the thousands digit of 736151?
6
What is the units digit of 3081573?
3
What is the hundreds digit of 2346244?
2
What is the hundred thousands digit of 255583?
2
What is the hundreds digit of 310804?
8
What is the tens digit of 16565753?
5
What is the millions digit of 1171934?
1
What is the tens digit of 589856?
5
What is the thousands digit of 62028?
2
What is the hundred thousands digit of 853511?
8
What is the thousands digit of 338053?
8
What is the ten millions digit of 15701538?
1
What is the hundreds digit of 5424478?
4
What is the millions digit of 7905519?
7
What is the hundreds digit of 60129?
1
What is the hundred thousands digit of 3085828?
0
What is the units digit of 1050945?
5
What is the thousands digit of 3077397?
7
What is the hundred thousands digit of 103128?
1
What is the hundred thousands digit of 1634047?
6
What is the hundred thousands digit of 413926?
4
What is the units digit of 29445188?
8
What is the thousands digit of 991014?
1
What is the units digit of 240026?
6
What is the ten thousands digit of 513248?
1
What is the ten thousands digit of 32006?
3
What is the hundred thousands digit of 6502749?
5
What is the ten millions digit of 17122237?
1
What is the tens digit of 2019415?
1
What is the hundred thousands digit of 423231?
4
What is the hundreds digit of 214517?
5
What is the millions digit of 4981032?
4
What is the tens digit of 158762?
6
What is the thousands digit of 1632924?
2
What is the ten thousands digit of 2387130?
8
What is the thousands digit of 408554?
8
What is the units digit of 688069?
9
What is the tens digit of 407284?
8
What is the tens digit of 84625?
2
What is the thousands digit of 20909805?
9
What is the thousands digit of 2177707?
7
What is the millions digit of 2448902?
2
What is the thousands digit of 29250743?
0
What is the units digit of 5663115?
5
What is the ten thousands digit of 4441516?
4
What is the units digit of 2204934?
4
What is the tens digit of 2781170?
7
What is the units digit of 734896?
6
What is the hundreds digit of 1001904?
9
What is the hundreds digit of 1245832?
8
What is the ten thousands digit of 3448608?
4
What is the hundreds digit of 686247?
2
What is the thousands digit of 13912950?
2
What is the millions digit of 3831932?
3
What is the hundred thousands digit of 2575624?
5
What is the ten thousands digit of 576405?
7
What is the thousands digit of 310000?
0
What is the thousands digit of 3198706?
8
What is the ten millions digit of 26289228?
2
What is the tens digit of 26002335?
3
What is the ten thousands digit of 616370?
1
What is the ten thousands digit of 302355?
0
What is the units digit of 206866?
6
What is the ten thousands digit of 451113?
5
What is the thousands digit of 1273411?
3
What is the thousands digit of 23305?
3
What is the tens digit of 4068468?
6
What is the millions digit of 1125973?
1
What is the hundreds digit of 508826?
8
What is the tens digit of 11576?
7
What is the hundred thousands digit of 16609552?
6
What is the thousands digit of 21945700?
5
What is the hundred thousands digit of 234616?
2
What is the hundred thousands digit of 14402473?
4
What is the hundreds digit of 14339354?
3
What is the thousands digit of 3740433?
0
What is the tens digit of 5053508?
0
What is the ten thousands digit of 63697?
6
What is the ten thousands digit of 9099810?
9
What is the hundreds digit of 5310959?
9
What is the units digit of 242764?
4
What is the millions digit of 2204167?
2
What is the ten thousands digit of 331551?
3
What is the units digit of 97319?
9
What is the millions digit of 1268955?
1
What is the units digit of 337387?
7
What is the tens digit of 120695?
9
What is the hundreds digit of 709761?
7
What is the millions digit of 22962431?
2
What is the thousands digit of 151844?
1
What is the thousands digit of 608661?
8
What is the thousands digit of 464536?
4
What is the ten thousands digit of 81330?
8
What is the thousands digit of 4560023?
0
What is the thousands digit of 447495?
7
What is the ten thousands digit of 542032?
4
What is the hundreds digit of 3121240?
2
What is the ten thousands digit of 38168108?
6
What is the hundreds digit of 3756067?
0
What is the hundred thousands digit of 7797453?
7
What is the tens digit of 244248?
4
What is the ten thousands digit of 597739?
9
What is the hundreds digit of 175078?
0
What is the units digit of 163420?
0
What is the units digit of 504216?
6
What is the thousands digit of 543947?
3
What is the ten thousands digit of 1738895?
3
What is the thousands digit of 18205680?
5
What is the thousands digit of 845281?
5
What is the hundreds digit of 2207039?
0
What is the hundreds digit of 1454147?
1
What is the millions digit of 13320156?
3
What is the ten thousands digit of 153529?
5
What is the hundreds digit of 196540?
5
What is the tens digit of 3625787?
8
What is the thousands digit of 3752704?
2
What is the ten thousands digit of 222587?
2
What is the millions digit of 24843626?
4
What is the hundred thousands digit of 853649?
8
What is the hundred thousands digit of 2772766?
7
What is the units digit of 24314851?
1
What is the units digit of 4227415?
5
What is the millions digit of 6859144?
6
What is the ten thousands digit of 123737?
2
What is the millions digit of 6685573?
6
What is the hundred thousands digit of 8147588?
1
What is the thousands digit of 834681?
4
What is the tens digit of 3311597?
9
What is the ten thousands digit of 1086073?
8
What is the tens digit of 296836?
3
What is the tens digit of 812003?
0
What is the hundreds digit of 847629?
6
What is the thousands digit of 364194?
4
What is the ten thousands digit of 1000575?
0
What is the hundreds digit of 104498?
4
What is the tens digit of 55053?
5
What is the thousands digit of 438475?
8
What is the hundreds digit of 51734?
7
What is the tens digit of 374429?
2
What is the hundred thousands digit of 20347994?
3
What is the ten thousands digit of 3073798?
7
What is the tens digit of 6201488?
8
What is the thousands digit of 2297021?
7
What is the thousands digit of 50476?
0
What is the tens digit of 22143237?
3
What is the tens digit of 180445?
4
What is the units digit of 895518?
8
What is the hundreds digit of 2093197?
1
What is the ten thousands digit of 196557?
9
What is the units digit of 574109?
9
What is the ten thousands digit of 423282?
2
What is the hundred thousands digit of 993347?
9
What is the tens digit of 161869?
6
What is the units digit of 116450?
0
What is the hundred thousands digit of 3971524?
9
What is the hundreds digit of 19515401?
4
What is the ten thousands digit of 6427815?
2
What is the hundred thousands digit of 2311490?
3
What is the thousands digit of 179988?
9
What is the thousands digit of 197456?
7
What is the hundreds digit of 369991?
9
What is the ten thousands digit of 599195?
9
What is the hundred thousands digit of 112844?
1
What is the tens digit of 35686349?
4
What is the tens digit of 118826?
2
What is the tens digit of 202587?
8
What is the tens digit of 16161451?
5
What is the hundred thousands digit of 792156?
7
What is the tens digit of 1215057?
5
What is the hundred thousands digit of 1433203?
4
What is the tens di